he remainder when s(-3) is divided by 5.
3
What is the remainder when ((-42)/2 + 2)*-1 is divided by 10?
9
Let r = 2 - 4. Let q be 4/(r + 96/51). Let n = 48 + q. Calculate the remainder when 26 is divided by n.
12
Suppose 10 = -3*s + 22. Calculate the remainder when s is divided by ((-4)/(-10))/(1/5).
0
Let m = 43 - 20. What is the remainder when m is divided by 8?
7
Let t(x) = x**2 - 5*x - 5. Let r be t(5). Let b = 18 + r. What is the remainder when 49 is divided by b?
10
Let b be (-140)/(-12) + (-4)/6. Let l = b + -3. Suppose 2*g + 2*g = 2*y - 42, 0 = 2*y + 4*g - 18. What is the remainder when y is divided by l?
7
Suppose -15*c + 10*c = -120. Let u(n) = -1 + 2*n + 0*n**2 + 12*n**2 + 0. What is the remainder when c is divided by u(1)?
11
Let r(x) = x - 1. Let s be r(6). Suppose -2*n + 49 = a - 4*a, -2*n - s*a + 25 = 0. What is the remainder when n is divided by 7?
6
Suppose 9*k + 15 = 12*k. Suppose k*d - 241 = 49. What is the remainder when d is divided by 15?
13
Let j(s) = 117*s**3 + s**2 - 1. Calculate the remainder when j(1) is divided by 24.
21
Suppose w + 4*w = 25, 0 = -5*n - w + 85. Suppose 4*h = 10 - 2. Suppose 5*l = 2*y + h*y - 14, 2*l = -2*y + 16. Calculate the remainder when n is divided by y.
4
Suppose -2*p = -5*t - 28, -3*t = -5*p + 2*p + 42. Suppose -4*i = -4, 3*b + 2*b - 36 = 4*i. What is the remainder when p is divided by b?
6
Let v(k) = -k**2 - 11*k - 8. What is the remainder when v(-7) is divided by 3?
2
Let o(w) = 7*w - 1. Let m be o(1). Let k = 9 + m. What is the remainder when 43 is divided by k?
13
Suppose -3*l - 4*s + 57 = 0, 2*s = 5*l - l - 54. What is the remainder when 27 is divided by l?
12
Suppose -8 = -3*b + l, 0*l = -2*b - l + 12. Suppose -b*w + 44 = -8. Calculate the remainder when w is divided by 7.
6
Let l(p) = -p - 14. Let x be l(7). Let w = 35 + x. What is the remainder when 25 is divided by w?
11
Let i(b) = -107*b - 3. What is the remainder when i(-1) is divided by 18?
14
Let j(w) = -w + 3. What is the remainder when 19 - ((-8)/2 - -7) is divided by j(-6)?
7
Let o = 13 - 8. Suppose 0 = 2*q + 3*v - 170, -2*q + 112 = 5*v - 62. Suppose 2*z = -3*i - 3*z + 38, -o*i + q = -z. What is the remainder when 46 is divided by i?
14
Let m = 1 - 1. Suppose m*v - 24 = -2*v. What is the remainder when 34 is divided by v?
10
What is the remainder when ((-8)/6)/((-20)/90) is divided by 3?
0
Let q = -30 + 43. Let v = q + 40. What is the remainder when v is divided by 14?
11
Suppose 3*a - 105 = -2*a. Let q = 14 + a. Calculate the remainder when q is divided by 19.
16
Suppose x - 6*x - 115 = 0. Let a = x - -88. Calculate the remainder when a is divided by 17.
14
Suppose 3*o - 4*t - 8 = 38, 5*t = -4*o + 20. Let l(n) = 21*n - 47. Calculate the remainder when l(4) is divided by o.
7
Suppose 2*y - 8 = 4. What is the remainder when 12 is divided by y?
0
Let b = -2 - -1. Let y(f) = -f**3 - f + 1. Let t(d) = -2*d**3 - 3*d**2 + d + 1. Let r(k) = b*y(k) + t(k). Calculate the remainder when 23 is divided by r(-4).
7
Let j = 3 + 2. What is the remainder when 9 is divided by j?
4
Let c = 18 - 13. What is the remainder when c is divided by 2?
1
Suppose -5*w - 3*b = 262, -2*w + 2*b - 19 = 73. Let q = -28 - w. Suppose a - q = 2. What is the remainder when a is divided by 13?
11
Let f(o) = o**2 - 13*o + 3. Calculate the remainder when f(15) is divided by 17.
16
Suppose 27 = 4*p + 3. Let a = -4 - -6. What is the remainder when p is divided by a?
0
Let x(i) = i**2 - 2*i + 2. Let n be x(3). Suppose -t = n*m - 10, -t = 2*t - 2*m - 30. Calculate the remainder when 38 is divided by t.
8
Suppose -15 = 3*o, 18*o + 90 = 5*c + 13*o. Suppose i = 4*i - 72. What is the remainder when i is divided by c?
11
What is the remainder when 2 + 2*36/3 is divided by 14?
12
Calculate the remainder when 122 is divided by ((-10)/((-40)/84))/((-1)/(-1)).
17
Let h = -5 - -7. Calculate the remainder when 10/2 + (-4)/2 is divided by h.
1
Suppose 21 = 3*n + 2*z, 4*n + z + 18 - 51 = 0. Let b(o) be the third derivative of o**4/6 - 7*o**3/6 - o**2. What is the remainder when b(6) is divided by n?
8
Suppose 4*l - 160 = -28. What is the remainder when 98 is divided by l?
32
Let n = 41 + -26. Calculate the remainder when 41 is divided by n.
11
Let m(n) = 4*n**2 - n + 1. Let u be m(7). Suppose 8*s - 3*s - u = 0. Calculate the remainder when s is divided by 13.
12
Let v = -32 - -73. What is the remainder when v is divided by 14?
13
Let v(w) = -w**2 + w + 1. Let r(p) = 9*p**2 + 5*p - 3. Let x(y) = r(y) + 4*v(y). Let q = 36 + -25. What is the remainder when x(-3) is divided by q?
8
Let t be (-20)/(-90) - (-2552)/18. Suppose -5*o + t = 3*b, 3*b = 3*o + 2*b - 74. Calculate the remainder when 77 is divided by o.
25
Let h = 53 + 0. Suppose -3*j + y = -242, -j + y + h = -29. Calculate the remainder when 1/2*(j - 0) is divided by 14.
12
Suppose -5*j = 5*x - 15, 4*x + 5*j - 2*j - 13 = 0. What is the remainder when 14 is divided by x?
2
Let t be (-5)/(-10) - 10/(-4). Suppose 2*z = -2*z + 16, -2*z = -t*a - 113. What is the remainder when 1 + (0 - (a - 1)) is divided by 19?
18
Suppose -102*q + 67 = -101*q. Calculate the remainder when q is divided by 14.
11
Suppose -2*w + 3*z + 13 = -0*w, -3*w = -2*z - 32. What is the remainder when 81 is divided by w?
11
Suppose 2*o - 62 = 4*p, 0 = o - 2*p + 6*p - 19. Calculate the remainder when 105 is divided by o.
24
Let y(z) = 9*z. Let h be (18/12)/(3/2). Suppose -58 = -4*m + 46. Calculate the remainder when m is divided by y(h).
8
Let q(d) = 73*d**2 - 5*d + 1. Calculate the remainder when q(1) is divided by 36.
33
Let j = -5 + 5. Suppose 2*g + j*g - 8 = 0. Suppose g*q - q = 36. Calculate the remainder when 47 is divided by q.
11
Let h = 13 + -5. What is the remainder when -39*((-70)/15 + 4) is divided by 60/h*(-12)/(-10)?
8
Suppose 6 = -4*d - 3*s, d + 8 + 0 = -4*s. What is the remainder when (90/(-2))/(-3) + d is divided by 4?
3
Let v = 138 + -35. Calculate the remainder when v is divided by 26.
25
Suppose 4*p + 3*p - 70 = 0. Calculate the remainder when 38 is divided by p.
8
Suppose -3*f + 0*f = -54. Calculate the remainder when 69 is divided by f.
15
Let g = -6 + 9. Suppose 4*h - 57 - g = 0. Calculate the remainder when 42 is divided by h.
12
Let z(n) = 13*n + 2. Let a be z(-4). Let w = 70 + a. Calculate the remainder when w is divided by 11.
9
Suppose 8*h = 3*h + 85. Calculate the remainder when 31 is divided by h.
14
Let h be -4 - -4 - -4 - -8. Suppose -33 = -5*f + h. Calculate the remainder when 23 is divided by f.
5
Suppose 0 = -3*v - 4*r + 231, -178 = -2*v + r - 35. Calculate the remainder when v is divided by 15.
13
Suppose -q + 10 - 2 = 0. Calculate the remainder when 54 is divided by q.
6
Let l(d) = d**3 + 5*d**2 + 3*d - 1. Let c(z) = -4*z**2 + 1. Let a be c(-1). What is the remainder when 16 + 0/2 + a is divided by l(-3)?
5
Let a(u) = -u**3 - 13*u**2 - 3*u - 1. What is the remainder when a(-13) is divided by 22?
16
Let m(t) = t - 3. Let j be m(2). What is the remainder when 49 is divided by 17 - (j - 2 - -3)?
15
Suppose 4*o = 11 + 9. What is the remainder when o is divided by 1 + (2 - (2 + -2))?
2
Let j = -3 + 15. What is the remainder when (-55)/(-2)*j/10 is divided by 9?
6
Let k(c) = c**3 - 11*c**2 - 10*c - 21. Let h = 3 - 5. Calculate the remainder when h - -1 - (-3 - 1) is divided by k(12).
0
Let q = 0 + 16. What is the remainder when 30 is divided by q?
14
Suppose 4*k + 14 = y, -2*k + 0*y + 3*y - 12 = 0. Let r = 4 + k. Suppose -5*c + 25 = 0, -5*c = -2*t - r - 12. What is the remainder when 11 is divided by t?
5
Let a be 1*6/(-4)*-10. Suppose 5*x = -0 + a. Suppose 5*p = x*z + 9, 4*z - 5*p + 7 = -0. What is the remainder when 5 is divided by z?
1
Suppose 18 = 3*c + 2*p + 3*p, 5*p - 16 = -c. Calculate the remainder when (-6)/8*(-20)/c is divided by 4.
3
Let y be 104/28 - (-2)/7. Suppose y*q + 0*q - 24 = 0. Suppose r = q*r - 105. Calculate the remainder when 62 is divided by r.
20
Let o(t) = 1 + 1 + 5 - 2 + t. Let q(d) = d**2 + 2*d. Calculate the remainder when q(4) is divided by o(8).
11
Let q be 2/1 - 24/(-4). Suppose g - 3*t - 41 = 0, q*g - 2*t - 140 = 3*g. What is the remainder when g is divided by 9?
8
Calculate the remainder when 24 is divided by (1 - 0)/(1*(-2)/(-10)).
4
Let y(j) = 15*j + 3. Suppose -3*s - 5 = -44. Calculate the rem